{"id":54,"date":"2024-02-26T14:26:14","date_gmt":"2024-02-26T13:26:14","guid":{"rendered":"http:\/\/www.hakansrestaurang.se\/?page_id=54"},"modified":"2026-02-09T16:16:10","modified_gmt":"2026-02-09T15:16:10","slug":"dessert","status":"publish","type":"page","link":"https:\/\/www.hakansrestaurang.se\/?page_id=54","title":{"rendered":"Dessert"},"content":{"rendered":"\n<ul class=\"wp-block-list\">\n<li>VANILJGLASS 89:- <br>Serveras med mar\u00e4ngsviss, gr\u00e4dde &amp; choklads\u00e5s.<\/li>\n<\/ul>\n\n\n\n<p><\/p>\n\n\n\n<ul class=\"wp-block-list\">\n<li>BROWNIE PECAN 109:- <br>Serveras med en kula vaniljglass toppas med kolas\u00e5s.<\/li>\n<\/ul>\n\n\n\n<p><\/p>\n\n\n\n<ul class=\"wp-block-list\">\n<li>FRITERAD CAMEMBERT 119:- <br>Serveras med varm hjortronsylt, en kula vaniljglass &amp; friterad persilja.<\/li>\n<\/ul>\n","protected":false},"excerpt":{"rendered":"","protected":false},"author":1,"featured_media":0,"parent":18,"menu_order":0,"comment_status":"closed","ping_status":"closed","template":"","meta":{"footnotes":""},"class_list":["post-54","page","type-page","status-publish","hentry"],"_links":{"self":[{"href":"https:\/\/www.hakansrestaurang.se\/index.php?rest_route=\/wp\/v2\/pages\/54","targetHints":{"allow":["GET"]}}],"collection":[{"href":"https:\/\/www.hakansrestaurang.se\/index.php?rest_route=\/wp\/v2\/pages"}],"about":[{"href":"https:\/\/www.hakansrestaurang.se\/index.php?rest_route=\/wp\/v2\/types\/page"}],"author":[{"embeddable":true,"href":"https:\/\/www.hakansrestaurang.se\/index.php?rest_route=\/wp\/v2\/users\/1"}],"replies":[{"embeddable":true,"href":"https:\/\/www.hakansrestaurang.se\/index.php?rest_route=%2Fwp%2Fv2%2Fcomments&post=54"}],"version-history":[{"count":5,"href":"https:\/\/www.hakansrestaurang.se\/index.php?rest_route=\/wp\/v2\/pages\/54\/revisions"}],"predecessor-version":[{"id":150,"href":"https:\/\/www.hakansrestaurang.se\/index.php?rest_route=\/wp\/v2\/pages\/54\/revisions\/150"}],"up":[{"embeddable":true,"href":"https:\/\/www.hakansrestaurang.se\/index.php?rest_route=\/wp\/v2\/pages\/18"}],"wp:attachment":[{"href":"https:\/\/www.hakansrestaurang.se\/index.php?rest_route=%2Fwp%2Fv2%2Fmedia&parent=54"}],"curies":[{"name":"wp","href":"https:\/\/api.w.org\/{rel}","templated":true}]}}